{"id":39,"date":"2024-09-24T18:32:49","date_gmt":"2024-09-24T16:32:49","guid":{"rendered":"https:\/\/www.posthello.it\/farmacia\/?post_type=product&#038;p=39"},"modified":"2024-10-28T09:27:11","modified_gmt":"2024-10-28T08:27:11","slug":"cystonorm","status":"publish","type":"product","link":"https:\/\/www.posthello.it\/farmacia\/product\/cystonorm\/","title":{"rendered":"Cystonorm"},"content":{"rendered":"<table>\n<tbody>\n<tr>\n<td>Sito web<\/td>\n<td>Cystonorm.it<\/td>\n<\/tr>\n<tr>\n<td>Azione<\/td>\n<td>\u2714 Non provoca intossicazione, reazioni avverse o sintomi di sovradosaggio;<br \/>\n\u2714 Ha effetto rinforzante, antinfettivo, antinfiammatorio, battericida, salutare e immunomodulatore;<br \/>\n\u2714 Efficace contro incontinenza, cistite, uretrite.<\/td>\n<\/tr>\n<tr>\n<td>Componenti<\/td>\n<td>\u2714 Estratto di mirtillo rosso;<br \/>\n\u2714 Estratto di biancospino;<br \/>\n\u2714 Estratto di erica;<br \/>\n\u2714 Estratto di equiseto.<\/td>\n<\/tr>\n<tr>\n<td>Istruzioni per l&#8217;uso<\/td>\n<td>\u2714 Le capsule si assumono ogni giorno con un bicchiere d&#8217;acqua.<br \/>\n\u2714 La durata del corso terapeutico \u00e8 di 1 mese.<\/td>\n<\/tr>\n<tr>\n<td>Volume<\/td>\n<td>30 capsule<\/td>\n<\/tr>\n<tr>\n<td>Prezzo<\/td>\n<td>\ud83d\uded1 39 \u20ac<\/td>\n<\/tr>\n<tr>\n<td>Consegna<\/td>\n<td>5-6 giorni<\/td>\n<\/tr>\n<\/tbody>\n<\/table>\n<h2><b>Le capsule Cystonorm ti aiuteranno a far fronte all&#8217;incontinenza urinaria: smetti di correre in bagno<\/b><\/h2>\n<p><img loading=\"lazy\" decoding=\"async\" class=\"aligncenter size-full wp-image-20\" src=\"http:\/\/www.posthello.it\/farmacia\/wp-content\/uploads\/2024\/09\/Cystonorm-5.jpg\" alt=\"Cystonorm a cosa serve\" width=\"500\" height=\"328\" srcset=\"https:\/\/www.posthello.it\/farmacia\/wp-content\/uploads\/2024\/09\/Cystonorm-5.jpg 500w, https:\/\/www.posthello.it\/farmacia\/wp-content\/uploads\/2024\/09\/Cystonorm-5-300x197.jpg 300w\" sizes=\"(max-width: 500px) 100vw, 500px\" \/><\/p>\n<p>Il problema dell&#8217;incontinenza urinaria viene solitamente messo a tacere, ma ci\u00f2 non gli fa perdere la sua rilevanza. Molte rappresentanti femminili sperimentano perdite. Una vescica debole, la gravidanza, la menopausa sono i principali provocatori di questo problema. Altri provocatori includono malattie del sistema urinario, caratteristiche del sistema nervoso, squilibrio ormonale e atonia muscolare. Se c&#8217;\u00e8 un problema di incontinenza, la donna si sente inferiore. La vita intima non \u00e8 un piacere, ma motivo di complessi. La malattia impone restrizioni sulla scelta dell&#8217;abbigliamento e dell&#8217;attivit\u00e0. Anche con un&#8217;igiene sufficiente, il gentil sesso non \u00e8 in grado di mantenere l&#8217;assoluta pulizia e comfort delle aree intime. Il trattamento dell\u2019incontinenza urinaria femminile \u00e8 un problema urgente che richiede una soluzione immediata. Sono capsule Cystonorm.<\/p>\n<p>A cosa serve Cystonorm contro l&#8217;incontinenza con composizione a base di erbe cura completamente il sistema urinario femminile. Possedendo un&#8217;elevata biodisponibilit\u00e0, i componenti attivi della sua composizione rafforzano la vescica, gli ureteri e i reni. La formula con effetti antinfettivi e antinfiammatori \u00e8 efficace contro cistite, uretrite e altri disturbi. Non provoca resistenza, a differenza delle formule a base di antibiotici. Un ciclo completo di assunzione di questo farmaco risolve i problemi di incontinenza urinaria, cistite e altre malattie infettive e infiammatorie del sistema urinario nelle donne.<\/p>\n<h2><b>Perch\u00e9 le donne soffrono di cistite?<\/b><\/h2>\n<p>Quando si parla di cistite come problema femminile, i medici si basano su fatti molto specifici. Tutto \u00e8 dovuto al fatto che il sistema genito-urinario femminile ha le sue caratteristiche. L&#8217;uretra femminile \u00e8 pi\u00f9 corta e pi\u00f9 larga di quella maschile e si trova in prossimit\u00e0 della vagina e del retto. Ci\u00f2 crea condizioni favorevoli affinch\u00e9 l\u2019infezione possa entrare nella vescica. Ecco perch\u00e9 il rischio di sviluppare cistite nelle donne \u00e8 50 volte superiore rispetto agli uomini. A rischio sono le donne sotto i 30 anni (il primo episodio \u00e8 spesso associato alla deflorazione) e dopo i 50 anni (a causa di cambiamenti ormonali).<\/p>\n<p>Gli uomini soffrono di cistite dopo i 60 anni e questa definizione pu\u00f2 essere considerata puramente condizionale. Gli uomini non hanno la cistite come malattia indipendente. Quando compaiono sintomi simili alla cistite, molto spesso parliamo di prostatite. Negli uomini di et\u00e0 superiore ai 60 anni &#8211; sull&#8217;adenoma prostatico con sintomi irritativi (sintomi di irritazione).<\/p>\n<p>In casi pi\u00f9 rari &#8211; su un calcolo vescicale o su un calcolo nel terzo inferiore dell&#8217;uretere.<\/p>\n<h2><b>Ragazze a rischio<\/b><\/h2>\n<p>L&#8217;inizio dell&#8217;attivit\u00e0 sessuale \u00e8 spesso un fattore che contribuisce allo sviluppo della cistite. E anche se il partner sessuale \u00e8 assolutamente sano. Il primo rapporto sessuale non \u00e8 sempre violento, ma \u00e8 comunque accompagnato da un abbondante afflusso di microflora vaginale nell&#8217;uretra e nella vescica. In alcuni casi, le loro pareti non riescono a far fronte a un simile attacco e inizia una reazione infiammatoria, cio\u00e8 la cistite.<\/p>\n<h2><b>Perch\u00e9 vale la pena assumere Cystonorm per combattere efficacemente l&#8217;incontinenza urinaria?<\/b><\/h2>\n<p><img loading=\"lazy\" decoding=\"async\" class=\"aligncenter size-full wp-image-21\" src=\"http:\/\/www.posthello.it\/farmacia\/wp-content\/uploads\/2024\/09\/Cystonorm-1.jpg\" alt=\"Cystonorm risultati reali\" width=\"500\" height=\"370\" srcset=\"https:\/\/www.posthello.it\/farmacia\/wp-content\/uploads\/2024\/09\/Cystonorm-1.jpg 500w, https:\/\/www.posthello.it\/farmacia\/wp-content\/uploads\/2024\/09\/Cystonorm-1-300x222.jpg 300w\" sizes=\"(max-width: 500px) 100vw, 500px\" \/><\/p>\n<p>Non ci sono analoghi a questo farmaco di altri produttori. La sua composizione combina fitocomponenti benefici che curano gli organi del sistema urinario. Di conseguenza, il problema delle perdite causate da vari motivi \u00e8 risolto. La cistite e l&#8217;uretrite vengono alleviate. Viene effettuata una prevenzione altamente efficace dell&#8217;urolitiasi. Il farmaco per la terapia del corso \u00e8 garantito per ripristinare la salute, il conforto e la fiducia in se stessi di una donna!<\/p>\n<h2><b>Capsule Cystonorm &#8211; una truffa?<\/b><\/h2>\n<p>Non credete che l\u2019incontinenza urinaria possa essere eliminata con i farmaci credendo che le parole sull\u2019efficacia Cystonorm controindicazioni siano una truffa? Invano la presenza di un tale effetto terapeutico nel farmaco \u00e8 stata chiaramente dimostrata nei test di laboratorio. L&#8217;esperimento ha coinvolto donne con vari disturbi del sistema urinario. Un ciclo di assunzione di questo farmaco ha eliminato l&#8217;incontinenza urinaria, la cistite e l&#8217;uretrite nel 95% dei pazienti. Non sono state identificate reazioni avverse derivanti dall&#8217;assunzione delle compresse.<\/p>\n<h2><b>Vantaggi del farmaco originale per la cistite Cystonorm<\/b><\/h2>\n<p>Stanco di usare assorbenti urologici, stai cercando un rimedio efficace contro le perdite? Dare la preferenza a Cystonorm per l&#8217;incontinenza. Tra i suoi vantaggi:<\/p>\n<ul>\n<li aria-level=\"1\"><b>Forma di rilascio ottimale. <\/b>Cystonorm per l&#8217;incontinenza \u00e8 disponibile sotto forma di capsule. Questo farmaco \u00e8 conveniente da assumere in qualsiasi condizione;<\/li>\n<li aria-level=\"1\"><b>Sicurezza.<\/b> \u00c8 di buona qualit\u00e0 Cystonorm per la cistite contiene componenti naturali ecocompatibili in alta concentrazione. La formula biodisponibile non provoca intossicazione, reazioni avverse o sintomi di sovradosaggio;<\/li>\n<li aria-level=\"1\"><b>Complesso effetto positivo sul corpo femminile. <\/b>Il farmaco Cystonorm ha un effetto rinforzante, antinfettivo, antinfiammatorio, battericida, benefico per la salute e immunomodulatore. \u00c8 efficace contro l&#8217;incontinenza, la cistite, l&#8217;uretrite e altre malattie dell&#8217;apparato urinario;<\/li>\n<li aria-level=\"1\"><b>Versatilit\u00e0. <\/b>Funziona realmente Cystonorm per incontinenza e cistite \u00e8 consigliato ad ogni donna con una storia di tali patologie. Il farmaco \u00e8 adatto a chi soffre di allergie, persone con concomitante malattia cronica malattie nic, in et\u00e0 avanzata;<\/li>\n<li aria-level=\"1\"><b>Prezzo abbordabile.<\/b> Effettuando un ordine di Cystonorm risultati reali per l&#8217;incontinenza, ogni donna potr\u00e0 dimenticare una malattia cos\u00ec delicata senza ricorrere a procedure costose ma inefficaci da parte degli urologi.<\/li>\n<\/ul>\n<h2><b>Gli ingredienti principali del farmaco Cystonorm per l&#8217;incontinenza urinaria<\/b><\/h2>\n<p><img loading=\"lazy\" decoding=\"async\" class=\"aligncenter size-full wp-image-22\" src=\"http:\/\/www.posthello.it\/farmacia\/wp-content\/uploads\/2024\/09\/Cystonorm-2.jpg\" alt=\"Cystonorm recensioni negative\" width=\"500\" height=\"351\" srcset=\"https:\/\/www.posthello.it\/farmacia\/wp-content\/uploads\/2024\/09\/Cystonorm-2.jpg 500w, https:\/\/www.posthello.it\/farmacia\/wp-content\/uploads\/2024\/09\/Cystonorm-2-300x211.jpg 300w\" sizes=\"(max-width: 500px) 100vw, 500px\" \/><\/p>\n<p>Pensi che queste capsule non siano migliori di altri rimedi per la cistite? In questo caso, leggi la composizione del farmaco Cystonorm e assicurati della sua esclusivit\u00e0:<\/p>\n<ol>\n<li aria-level=\"1\"><b>Estratto di mirtillo rosso.<\/b> Un componente con un effetto antinfettivo e battericida pronunciato. Migliora il flusso di urina;<\/li>\n<li aria-level=\"1\"><b>Estratto di biancospino.<\/b> Un immunomodulatore a base di erbe che rafforza il sistema urinario. Previene l&#8217;incontinenza urinaria;<\/li>\n<li aria-level=\"1\"><b>Estratto di erica. <\/b>Sostanza con effetto antinfiammatorio. Previene le complicanze delle malattie urologiche;<\/li>\n<li aria-level=\"1\"><b>Estratto di equiseto.<\/b> Un componente utile nella composizione del farmaco Cystonorm per l&#8217;incontinenza. Risolve i problemi di perdite, falsa voglia di andare in bagno e altri sintomi spiacevoli della cistite.<\/li>\n<\/ol>\n<h2><b>Istruzioni per l&#8217;uso Cystonorm i come si applica<\/b><\/h2>\n<p>Come pu\u00f2 una donna dimenticare le patologie urologiche con l&#8217;aiuto di queste pillole? \u00c8 sufficiente seguire le istruzioni per l&#8217;uso del farmaco come usare il Cystonorm per la cistite:<\/p>\n<ul>\n<li aria-level=\"1\">Le capsule vengono assunte ogni giorno con un bicchiere d&#8217;acqua.<\/li>\n<li aria-level=\"1\">La durata della terapia del corso \u00e8 di 1 mese.<\/li>\n<\/ul>\n<p>La formula da banco \u00e8 completamente sicura per ogni rappresentante del gentil sesso. Non contiene composti chimici nocivi. Si consiglia alle donne in gravidanza, in allattamento, ai minori e alle persone con allergie ai componenti della formula di rifiutare l&#8217;uso del farmaco Cystonorm per l&#8217;incontinenza.<\/p>\n<p>L&#8217;incontinenza urinaria e i sintomi della cistite stanno avvelenando la tua vita, trasformandola in un&#8217;esistenza miserabile? Permettiti di diventare sano prendendo queste pillole. Non mascherano i sintomi, ma eliminano la causa della malattia, ripristinando il conforto e la fiducia in se stessi della donna. La formula non crea dipendenza nemmeno con un uso prolungato. La condizione principale per l&#8217;efficacia della terapia \u00e8 il rispetto delle istruzioni per il farmaco Cystonorm per l&#8217;incontinenza. Se ignori le regole, non vedrai alcun risultato positivo.<\/p>\n<h2><b>Opinioni dei clienti su Cystonorm<\/b><\/h2>\n<p><img loading=\"lazy\" decoding=\"async\" class=\"aligncenter size-full wp-image-23\" src=\"http:\/\/www.posthello.it\/farmacia\/wp-content\/uploads\/2024\/09\/Cystonorm-3.jpg\" alt=\"Cystonorm come usare il\" width=\"500\" height=\"355\" srcset=\"https:\/\/www.posthello.it\/farmacia\/wp-content\/uploads\/2024\/09\/Cystonorm-3.jpg 500w, https:\/\/www.posthello.it\/farmacia\/wp-content\/uploads\/2024\/09\/Cystonorm-3-300x213.jpg 300w\" sizes=\"(max-width: 500px) 100vw, 500px\" \/><\/p>\n<p>Il farmaco \u00e8 apparso di recente sul mercato, ma ha gi\u00e0 un gran numero di recensioni positive, Cystonorm, secondo le donne, allevia davvero l&#8217;incontinenza e la cistite senza causare ricadute. Parlando della propria esperienza nell&#8217;assunzione di pillole, i rappresentanti del gentil sesso condividono:<\/p>\n<blockquote><p><b>Hillary<\/b><\/p>\n<p>Ho riscontrato incontinenza urinaria circa 5 anni fa. Questo ha praticamente avvelenato la mia vita. Disagio costante, ho dovuto dimenticarmi dei pantaloni attillati, nonostante la mancanza di peso in eccesso. I tamponi urologici venivano acquistati regolarmente e col tempo il problema non fece altro che peggiorare. Pensavo che non ci fosse soluzione, dato che i medici non mi davano nulla. Ho trovato una soluzione da solo, dopo aver letto per sbaglio recensioni su Cystonorm per l&#8217;incontinenza. Sono state dette molte cose positive a riguardo, mi sono interessato e l&#8217;ho comprato. Non ci saranno effetti dalla prima compressa, ma dopo 2 settimane di uso regolare potrai dimenticare le perdite. Ho completato il corso completo e non ricordo il problema ormai da sei mesi.<\/p><\/blockquote>\n<p>&nbsp;<\/p>\n<blockquote><p><b>Kaori<\/b><\/p>\n<p>Ero infastidito dal bisogno periodico di andare in bagno, ma praticamente non c&#8217;era urina. Questa condizione \u00e8 molto sbilanciante; si \u00e8 scoperto che questo \u00e8 un sintomo di cistite. Un&#8217;amica ha detto che il farmaco Cystonorm l&#8217;ha aiutata con lo stesso dolore. Ho ascoltato la sua vera recensione e ho comprato queste pillole anche per me. L&#8217;ho preso quando sono iniziati i sintomi, ma non c&#8217;\u00e8 stato alcun sollievo dalla condizione. Non capivo davvero perch\u00e9 lo lodasse. Lascio la mia recensione negativa su Cystonorm dove lo posso prendere perch\u00e9 non ho riscontrato alcun effetto con questo farmaco. Anche se ora dubito gi\u00e0 della mia obiettivit\u00e0. Scrivono che affinch\u00e9 l&#8217;effetto si manifesti, il farmaco deve essere assunto quotidianamente per un mese. Cercher\u00f2 di sottopormi al trattamento secondo le istruzioni e poi valuter\u00f2 il risultato.<\/p><\/blockquote>\n<p>&nbsp;<\/p>\n<blockquote><p><b>Arleth<\/b><\/p>\n<p>Dopo un parto naturale, sono iniziate perdite costanti. Per questo motivo mi sentivo come una specie di vecchia, il sesso in generale ha cominciato a causare paura, proprio per non disonorarmi. Pensavo che sarebbe passato da solo, ma no, alla fine sono andato dal medico. Mi ha prescritto compresse dove comprare Cystonorm per l&#8217;incontinenza. Secondo il medico, se segui un corso, non ci saranno pi\u00f9 perdite. Avevo grandi speranze in questo farmaco e non \u00e8 stato deluso! Nel giro di un mese la mia salute \u00e8 stata ripristinata e ora non ci sono incidenti. Consiglio questo farmaco a ogni donna che soffre anche di questa patologia.<\/p><\/blockquote>\n<h2><b>Dove vendono un rimedio per la cistite Cystonorm i prezzo?<\/b><\/h2>\n<p><img loading=\"lazy\" decoding=\"async\" class=\"aligncenter size-full wp-image-24\" src=\"http:\/\/www.posthello.it\/farmacia\/wp-content\/uploads\/2024\/09\/Cystonorm-4.jpg\" alt=\"Cystonorm come si applica\" width=\"500\" height=\"250\" srcset=\"https:\/\/www.posthello.it\/farmacia\/wp-content\/uploads\/2024\/09\/Cystonorm-4.jpg 500w, https:\/\/www.posthello.it\/farmacia\/wp-content\/uploads\/2024\/09\/Cystonorm-4-300x150.jpg 300w\" sizes=\"(max-width: 500px) 100vw, 500px\" \/><\/p>\n<p>I rappresentanti del gentil sesso, interessati all&#8217;effetto del farmaco, riferiscono di non poter dove vendono Cystonorm nelle farmacie. La mancanza di libero accesso al farmaco \u00e8 una decisione del produttore. Lo ha giustificato con il fatto che il rilascio delle compresse nelle farmacie porter\u00e0 ad un aumento delle contraffazioni e dei farmaci generici e ne aumenter\u00e0 il costo di 3-4 volte. I truffatori sfruttano la reputazione incontaminata del farmaco per arricchirsi. Creano risorse di terze parti, imitandone la vendita e ricevendo fraudolentemente denaro da clienti creduloni. Rimani vigile quando acquisti un prodotto.<\/p>\n<p>L&#8217;unico posto dove acquistare Cystonorm prezzo farmacia simile per l&#8217;incontinenza \u00e8 il sito ufficiale. Ordinare il farmaco qui ne garantisce l&#8217;efficacia e la sicurezza autenticit\u00e0. Tutti hanno l&#8217;opportunit\u00e0 di acquistare capsule al 50% in meno durante il periodo della promozione. Hai bisogno di consigli sulla terapia con questo farmaco? Ordinalo compilando il modulo d&#8217;ordine sul sito ufficiale. La partecipazione alla conversazione non impone obblighi al successivo acquisto del farmaco.<\/p>\n<p>Tutti hanno la possibilit\u00e0 di acquistare Cystonorm con il massimo vantaggio; le promozioni sul sito si applicano solo a tali territori. Le risposte alle domande sulla possibilit\u00e0 di acquistare walmart Cystonorm nelle farmacie, sul in farmacia prezzo del farmaco, tenendo conto della consegna in altre parti del mondo, verranno chiarite durante la consultazione. Non sei soddisfatto della qualit\u00e0 del farmaco? Informa il produttore di questo e ti rimborser\u00e0 il danno o ti invier\u00e0 un nuovo ordine di campione.<\/p>\n","protected":false},"excerpt":{"rendered":"<p>Cystonorm \u00e8 un rimedio naturale contro l&#8217;incontinenza urinaria femminile, formulato per rafforzare la vescica e migliorare la salute del sistema urinario. Grazie ai suoi ingredienti a base di erbe, offre un&#8217;azione antinfiammatoria e antinfettiva, trattando efficacemente cistite, uretrite e altri disturbi.<\/p>\n","protected":false},"featured_media":0,"comment_status":"open","ping_status":"closed","template":"","meta":[],"product_cat":[15],"product_tag":[],"_links":{"self":[{"href":"https:\/\/www.posthello.it\/farmacia\/wp-json\/wp\/v2\/product\/39"}],"collection":[{"href":"https:\/\/www.posthello.it\/farmacia\/wp-json\/wp\/v2\/product"}],"about":[{"href":"https:\/\/www.posthello.it\/farmacia\/wp-json\/wp\/v2\/types\/product"}],"replies":[{"embeddable":true,"href":"https:\/\/www.posthello.it\/farmacia\/wp-json\/wp\/v2\/comments?post=39"}],"wp:attachment":[{"href":"https:\/\/www.posthello.it\/farmacia\/wp-json\/wp\/v2\/media?parent=39"}],"wp:term":[{"taxonomy":"product_cat","embeddable":true,"href":"https:\/\/www.posthello.it\/farmacia\/wp-json\/wp\/v2\/product_cat?post=39"},{"taxonomy":"product_tag","embeddable":true,"href":"https:\/\/www.posthello.it\/farmacia\/wp-json\/wp\/v2\/product_tag?post=39"}],"curies":[{"name":"wp","href":"https:\/\/api.w.org\/{rel}","templated":true}]}}